ate t(98).
-4
Let y(n) = -n**3 - 45*n**2 + 132*n - 578. Calculate y(-48).
-2
Let j(o) = -o**3 + 301*o**2 - 1766*o - 26. Determine j(6).
-2
Let n(m) = 83*m + 122. Give n(-1).
39
Let j(p) = -26*p**2 + 4. Calculate j(-1).
-22
Let y(t) = -2*t**3 - 33*t**2 + 5*t - 62. Give y(-17).
142
Let z(p) = -26*p**2 - 3586*p + 277. Give z(-138).
1
Let w(n) = -4*n**3 - 66*n**2 - 141*n - 16. Give w(-14).
-2
Let h(y) = y**2 - 103*y - 179. Determine h(109).
475
Let p(h) = 5*h - 36. Give p(6).
-6
Let n(q) = 3*q**2 + 76*q + 57. Give n(-24).
-39
Let u(q) = 4138*q + 153107. Calculate u(-37).
1
Let k(r) = -3*r**2 + 28*r + 108. Calculate k(-7).
-235
Let z(b) = 88*b - 264. What is z(3)?
0
Let w(j) = j**3 + 20*j**2 + 93*j - 20. Give w(-10).
50
Let x(y) = 2*y**3 + 67*y**2 - 34*y + 12. What is x(-34)?
12
Let a(l) = 39*l**2 + 56*l - 261. Give a(2).
7
Let w(c) = -c**3 + 24*c**2 + 19*c + 82. Give w(25).
-68
Let p(q) = -q**2 - q + 29. Determine p(0).
29
Let o(k) = 61*k**2 + 3535*k - 182. Calculate o(-58).
-8
Let a(c) = -4*c**3 + 49*c**2 - 12*c - 6. Determine a(12).
-6
Let f(l) = -69*l + 455. Determine f(8).
-97
Let t(k) = -228*k - 1117. Determine t(-8).
707
Let p(y) = 112*y**2 + 23*y + 22. Give p(-1).
111
Let j(o) = o**3 + 88*o**2 + 647*o + 43. Give j(-8).
-13
Let t(a) = a**2 + 9*a + 63. Calculate t(-12).
99
Let p(o) = -741*o + 2175. Give p(3).
-48
Let u(d) = 3*d**2 + 38*d + 90. Determine u(-8).
-22
Let m(g) = -g**3 - 11*g**2 + 159*g - 76. Calculate m(8).
-20
Let w(o) = -o**3 - 21*o**2 - 37*o + 58. Calculate w(-19).
39
Let c(m) = -m**3 - 28*m**2 - 125*m + 25. Determine c(-22).
-129
Let i(q) = -q**3 - 212*q**2 + 5*q + 1056. Calculate i(-212).
-4
Let o(x) = 7*x**2 - 44*x + 92. What is o(2)?
32
Let r(i) = -i**2 + 662*i - 9082. Calculate r(14).
-10
Let j(w) = 65*w**2 - 7546*w + 674. Determine j(116).
-22
Let j(d) = -d**3 - 28*d**2 - 16*d - 52. What is j(-27)?
-349
Let o(x) = x**2 - 2*x - 27. Determine o(0).
-27
Let c(q) = -q**3 + 12*q**2 + q - 17. What is c(11)?
115
Let l(d) = -d**3 + 14*d**2 - 896*d + 12542. Give l(14).
-2
Let p(q) = -52*q + 3175. What is p(61)?
3
Let q(z) = -30*z + 976. Give q(33).
-14
Let u(r) = 71*r - 65. What is u(1)?
6
Let n(w) = -4*w**2 + 19*w + 315. What is n(-7)?
-14
Let x(w) = 18*w**2 + 3*w - 22. Determine x(5).
443
Let f(h) = -128*h - 130. Give f(-1).
-2
Let s(z) = 2*z**3 - 19*z**2 + 12*z - 36. Give s(9).
-9
Let o(f) = 15*f - 773. Determine o(52).
7
Let m(z) = -z**3 + 40*z**2 - 78*z - 52. What is m(38)?
-128
Let n(q) = q**2 + 365*q - 27448. What is n(64)?
8
Let u(d) = -65*d - 707. Calculate u(-11).
8
Let d(t) = 3*t**2 + 116*t + 564. What is d(-33)?
3
Let n(r) = r**3 - 135*r**2 - 267*r - 955. Give n(137).
4
Let j(b) = 2*b**2 + 43*b - 736. What is j(-33)?
23
Let q(b) = b**3 - 4*b**2 + 93*b - 490. Calculate q(5).
0
Let n(t) = t**3 + 39*t**2 + 195*t - 101. Give n(-33).
-2
Let z(k) = -k**3 - 10*k**2 + 14*k + 44. Give z(-5).
-151
Let t(x) = -x**3 + 68*x**2 - 370*x - 134. Give t(62).
-10
Let a(o) = 6*o**2 - 23*o + 1. Determine a(4).
5
Let k(i) = -i**3 - 8*i**2 + 6. Determine k(-6).
-66
Let d(v) = 8*v**2 - 721*v + 2096. Determine d(3).
5
Let y(q) = 4*q**2 - 405*q - 722. Calculate y(103).
-1
Let h(v) = v - 141. Determine h(52).
-89
Let a(z) = -26*z + 223. Determine a(9).
-11
Let w(p) = 13*p + 310. Determine w(-24).
-2
Let z(w) = -33*w - 689. Give z(-21).
4
Let h(z) = -237*z - 1342. Calculate h(-6).
80
Let b(c) = 25*c + 122. Give b(-6).
-28
Let d(u) = 2*u**2 - 187*u - 1270. Calculate d(100).
30
Let u(m) = -2*m**3 + 4*m**2 + 48*m - 11. What is u(6)?
-11
Let q(y) = y**3 - 46*y**2 + 412*y - 148. Determine q(34).
-12
Let w(i) = -i**3 - 60*i**2 - 50*i + 360. What is w(-59)?
-171
Let i(g) = 3*g**2 + 157*g + 119. Determine i(-50).
-231
Let s(q) = -69*q - 305. Give s(4).
-581
Let o(s) = -4*s + 152. What is o(36)?
8
Let n(x) = 199*x + 1204. Calculate n(-6).
10
Let n(v) = v**3 - 81*v**2 - 2264*v - 199. Determine n(103).
7
Let t(i) = 2*i**2 - 20*i + 12. What is t(15)?
162
Let s(t) = 3920*t + 58798. Determine s(-15).
-2
Let t(f) = -661*f + 9255. Determine t(14).
1
Let a(m) = m**3 - 2*m**2 - 8*m - 1. What is a(5)?
34
Let m(s) = 2*s**2 - 78*s - 328. Determine m(-4).
16
Let q(w) = -2*w**2 - 237*w - 648. Calculate q(-116).
-68
Let j(k) = 2*k**2 - 82*k - 1284. Give j(-12).
-12
Let g(r) = -47*r**2 - 236*r + 8. Calculate g(-5).
13
Let p(k) = -21*k - 112. Calculate p(-11).
119
Let k(f) = 5*f**2 + 452*f - 261. What is k(-91)?
12
Let p(v) = -7*v**2 - 535*v + 3809. What is p(-83)?
-9
Let s(b) = b**3 - 19*b**2 + 33*b + 38. What is s(17)?
21
Let p(c) = c**3 + 8*c**2 + 228*c + 2509. Give p(-10).
29
Let y(z) = 33*z**3 + 135*z**2 + 18*z + 10. Give y(-4).
-14
Let i(x) = x**3 - x**2 + x + 47. Determine i(0).
47
Let w(i) = -i**3 + 88*i**2 + 918*i - 4357. Determine w(97).
8
Let j(i) = 4*i**2 + 23*i - 52. Give j(-7).
-17
Let p(n) = -n**2 - 29*n - 113. Calculate p(-20).
67
Let x(u) = -2*u**2 - 589*u - 13956. Give x(-26).
6
Let q(i) = -3*i**2 - 82*i + 10. Give q(-11).
549
Let z(u) = -12*u**2 - 53*u + 215. Calculate z(-7).
-2
Let j(f) = -759*f**2 + 42*f - 43. Calculate j(1).
-760
Let h(y) = y**2 + 71*y - 7252. Determine h(57).
44
Let w(t) = 96*t**2 + 1083*t + 290. Calculate w(-11).
-7
Let m(f) = -7*f**3 + 6*f**2 + 3*f + 6. Determine m(1).
8
Let f(i) = i**3 - 22*i**2 + 28*i + 41. Give f(20).
-199
Let i(v) = v**2 - 303*v - 10312. Calculate i(-31).
42
Let u(j) = -j**2 - 27*j + 194. Calculate u(-32).
34
Let t(j) = 34*j**2 - 332*j - 35. Calculate t(10).
45
Let u(v) = 3*v**2 - 145*v + 1459. Calculate u(14).
17
Let t(n) = 63*n - 125. Determine t(-5).
-440
Let r(k) = -2*k**3 - 34*k**2 + 195*k + 509. Give r(-21).
-58
Let u(j) = -j**3 - 35*j**2 - 100*j - 142. Determine u(-32).
-14
Let y(q) = 1276*q + 13910. Determine y(-11).
-126
Let b(f) = -f**2 + 5*f - 122. Determine b(10).
-172
Let j(d) = -5*d**3 - 3*d**2 + 3*d - 12. Determine j(3).
-165
Let h(x) = -18*x**2 + 669*x - 1350. Give h(35).
15
Let r(z) = 109*z - 1500. Determine r(14).
26
Let f(n) = -91*n - 1645. Calculate f(-18).
-7
Let n(c) = 3*c**3 + 54*c**2 + 113*c - 3. What is n(-2)?
-37
Let x(y) = 2*y**2 + 1505*y + 7543. Give x(-5).
68
Let w(x) = 18*x**2 - 215*x + 3. Determine w(13).
250
Let n(u) = 13*u - 1313. Calculate n(101).
0
Let g(x) = -8*x**3 - 68*x**2 - 23*x - 25. What is g(-8)?
-97
Let f(z) = z**3 - 12*z**2 - 33*z - 10. Give f(14).
-80
Let u(s) = 51*s - 328. Calculate u(6).
-22
Let i(o) = -o**3 - 7*o**2 - 25*o + 34. Give i(1).
1
Let f(t) = 115*t - 1831. Calculate f(16).
9
Let h(m) = m**3 + 25*m**2. What is h(-25)?
0
Let a(d) = 13*d + 794. Give a(-59).
27
Let f(l) = l - 102. Give f(-8).
-110
Let y(c) = -c**3 + 9*c**2 + 9*c - 56. Give y(9).
25
Let x(b) = 42*b + 85. Give x(-10).
-335
Let g(f) = 71*f**2 - 4*f - 17. What is g(-2)?
275
Let z(l) = 11*l + 94. What is z(-8)?
6
Let o(s) = -78*s - 81. Determine o(-1).
-3
Let t(j) = -j**2 + 240*j - 59. Calculate t(0).
-59
Let q(p) = -p**2 - 27*p + 1038. What is q(-48)?
30
Let u(f) = -f**3 - 37*f**2 + 38*f - 18. Determine u(-38).
-18
Let q(y) = -y**2 + 8*y + 5919. Give q(-73).
6
Let u(h) = h**3 - 2*h**2 - 6*h + 10. Calculate u(5).
55
Let p(t) = 10*t**2 + t - 9. Give p(0).
-9
Let l(u) = -4171*u + 16683. Calculate l(4).
-1
Let a(m) = m**2 - 7*m + 89. Determine a(0).
89
Let w(d) = -4*d**2 + 644*d + 5382. What is w(-8)?
-26
Let j(s) = -s**3 - 41*s**2 + 86*s + 33. What is j(-43)?
33
Let p(s) = -s**2 - 197*s + 973. Give p(5).
-37
Let d(b) = -4*b**3 - b**2 + 36*b - 35. Calculate d(1).
-4
Let i(m) = 40*m - 94. Calculate i(8).
226
Let x(l) = 7*l**3 - 3*l + 4. Determine x(1).
8
Let i(f) = -73*f + 224. Calculate i(12).
-652
Let l(c) = 10*c - 20. Determine l(3).
10
Let j(l) = -9*l**2 + 12*l + 4. Calculate j(-1).
-17
Let q(t) = -78*t - 2123. Give q(-27).
-17
Let y(a) = a**3 - 97*a**2 - 403*a - 103. Determine y(101).
-2
Let s(c) = -15*c**2 + 925*c + 308. Give s(62).
-2
Let x(o) = -2*o**3 - 213*o**2 - 2510*o + 41. What is x(-93)?
-52
Let p(w) = -23*w - 761. Calculate p(-33).
-2
Let k(f) = -f**3 - 7*f**2 - 2*f - 54. Give k(-7).
-40
Let i(r) = -r**3 + 70*r**2 + 1474*r - 89. Calculate i(-17).
-4
Let x(t) = 2*t**3 + 5*t**2 - 17*t - 7. Give x(6).
503
Let u(a) = a**3 - 30*a**2 + 24*a + 141. What is u(29)?
-4
Let j(x) = 4*x**2 - 13*x + 6. Give j(1).
-3
Let h(f) = 2*f**2 + 215*f - 7624. Determine h(28).
-36
Let d(x) = 4*x**3 - 4